{"id":113,"date":"2021-05-30T23:05:43","date_gmt":"2021-05-30T23:05:43","guid":{"rendered":"https:\/\/ergopropulsion.com\/site\/?page_id=113"},"modified":"2026-01-28T19:52:20","modified_gmt":"2026-01-28T19:52:20","slug":"contact-2","status":"publish","type":"page","link":"https:\/\/ergopropulsion.com\/site\/contact-2\/","title":{"rendered":"Contact"},"content":{"rendered":"\r\n<p>Nous sommes situ\u00e9s au: 293 rue de Villemure, suite 301, Saint-J\u00e9r\u00f4me, Qc, J7Z 5J5<\/p>\r\n\r\n\r\n\r\n<figure class=\"wp-block-image size-large\"><img loading=\"lazy\" decoding=\"async\" width=\"640\" height=\"640\" class=\"wp-image-64\" src=\"https:\/\/ergopropulsion.com\/site\/wp-content\/uploads\/2021\/04\/image-5-edited.png\" alt=\"\" srcset=\"https:\/\/ergopropulsion.com\/site\/wp-content\/uploads\/2021\/04\/image-5-edited.png 640w, https:\/\/ergopropulsion.com\/site\/wp-content\/uploads\/2021\/04\/image-5-edited-300x300.png 300w, https:\/\/ergopropulsion.com\/site\/wp-content\/uploads\/2021\/04\/image-5-edited-150x150.png 150w, https:\/\/ergopropulsion.com\/site\/wp-content\/uploads\/2021\/04\/image-5-edited-100x100.png 100w\" sizes=\"auto, (max-width: 640px) 100vw, 640px\" \/><\/figure>\r\n\r\n\r\n\r\n<div class=\"wp-block-spacer\" style=\"height: 50px;\" aria-hidden=\"true\"><span style=\"text-decoration: underline;\">Stationnement:<\/span> <strong>Attention de bien v\u00e9rifier la signalisation!\u00a0<\/strong>Stationnement payant sur la rue et dans le stationnement municipal face \u00e0 la clinique (zone rouge). Paiement aux bornes de paiement ou sur l&rsquo;application Blinkay.<\/div>\r\n<div aria-hidden=\"true\">\u00a0<\/div>\r\n<div aria-hidden=\"true\">\u00a0<\/div>\r\n<div aria-hidden=\"true\">*Stationnement <span style=\"text-decoration: underline;\">gratuit<\/span> dans les rues et les stationnement municipaux pour les personnes d\u00e9tenant une vignette de stationnement pour personnes \u00e0 mobilit\u00e9 r\u00e9duite et les v\u00e9t\u00e9rans. Stationnement gratuit en zone jaune ou bleue (plus loin de la clinique) pour les v\u00e9hicules \u00e9lectriques. Plus de d\u00e9tails: <a href=\"https:\/\/www.vsj.ca\/stationnement\/tarification\/\">https:\/\/www.vsj.ca\/stationnement\/tarification\/<\/a><\/div>\r\n<div aria-hidden=\"true\">\u00a0<\/div>\r\n\r\n\r\n\r\n<p>Pour toutes questions concernant nos services, veuillez communiquer avec nous par courriel ou par t\u00e9l\u00e9phone.<\/p>\r\n\r\n\r\n\r\n<ul class=\"wp-block-list\">\r\n<li>T\u00e9l\u00e9phone: 450-553-5557<\/li>\r\n<li>T\u00e9l\u00e9copieur: 450-553-5557<\/li>\r\n<li>Informations g\u00e9n\u00e9rales: info@ergopropulsion.com<\/li>\r\n<li>Envoi de fichiers m\u00e9dicaux: vwolfe@ergopropulsion.com<\/li>\r\n<li>Responsable de la confidentialit\u00e9 et de la protection des renseignements personnels (Loi 25): Julie-France H\u00e9nault (Pr\u00e9sidente): jfhenault@ergopropulsion.com<\/li>\r\n<\/ul>\r\n\r\n\r\n\r\n\r\n\r\n\r\n","protected":false},"excerpt":{"rendered":"<p>Nous sommes situ\u00e9s au: 293 rue de Villemure, suite 301, Saint-J\u00e9r\u00f4me, Qc, J7Z 5J5 Pour toutes questions concernant nos services, veuillez communiquer avec nous par courriel ou par t\u00e9l\u00e9phone. T\u00e9l\u00e9phone: 450-553-5557 T\u00e9l\u00e9copieur: 450-553-5557 Informations g\u00e9n\u00e9rales: info@ergopropulsion.com Envoi de fichiers m\u00e9dicaux: vwolfe@ergopropulsion.com Responsable de la confidentialit\u00e9 et de la protection des renseignements personnels (Loi 25): Julie-France &hellip; <\/p>\n<p class=\"link-more\"><a href=\"https:\/\/ergopropulsion.com\/site\/contact-2\/\" class=\"more-link\">Continuer la lecture<span class=\"screen-reader-text\"> de &laquo;&nbsp;Contact&nbsp;&raquo;<\/span><\/a><\/p>\n","protected":false},"author":1,"featured_media":0,"parent":0,"menu_order":0,"comment_status":"closed","ping_status":"closed","template":"","meta":{"footnotes":""},"class_list":["post-113","page","type-page","status-publish","hentry"],"_links":{"self":[{"href":"https:\/\/ergopropulsion.com\/site\/wp-json\/wp\/v2\/pages\/113","targetHints":{"allow":["GET"]}}],"collection":[{"href":"https:\/\/ergopropulsion.com\/site\/wp-json\/wp\/v2\/pages"}],"about":[{"href":"https:\/\/ergopropulsion.com\/site\/wp-json\/wp\/v2\/types\/page"}],"author":[{"embeddable":true,"href":"https:\/\/ergopropulsion.com\/site\/wp-json\/wp\/v2\/users\/1"}],"replies":[{"embeddable":true,"href":"https:\/\/ergopropulsion.com\/site\/wp-json\/wp\/v2\/comments?post=113"}],"version-history":[{"count":10,"href":"https:\/\/ergopropulsion.com\/site\/wp-json\/wp\/v2\/pages\/113\/revisions"}],"predecessor-version":[{"id":232,"href":"https:\/\/ergopropulsion.com\/site\/wp-json\/wp\/v2\/pages\/113\/revisions\/232"}],"wp:attachment":[{"href":"https:\/\/ergopropulsion.com\/site\/wp-json\/wp\/v2\/media?parent=113"}],"curies":[{"name":"wp","href":"https:\/\/api.w.org\/{rel}","templated":true}]}}